{"id":91,"date":"2014-08-19T12:50:51","date_gmt":"2014-08-19T10:50:51","guid":{"rendered":"http:\/\/tobagoparadise.de\/?page_id=91"},"modified":"2016-05-26T20:36:43","modified_gmt":"2016-05-26T18:36:43","slug":"unterkuenfte","status":"publish","type":"page","link":"http:\/\/tobagoparadise.de\/?page_id=91","title":{"rendered":"Unterkunft"},"content":{"rendered":"<h1 style=\"text-align: center;\">Gl\u00fccklicherweise gibt es in Tobago keine Hotelbunker wie in anderen L\u00e4ndern !!!<\/h1>\n<p style=\"text-align: justify;\">In Tobago gibt es nat\u00fcrlich kleine Hotels, die f\u00fcr Pauschalurlauber Angebote bereithalten, meist in Verbindung mit einem Condor Direktflug von Frankfurt aus.<\/p>\n<p style=\"text-align: justify;\">Daneben bietet sich aber viel eher ein Guesthouse oder ein Appartment an. Hier gibt es auch viele Angebote von preiswert bis zur luxuri\u00f6sen Villa.<\/p>\n<p style=\"text-align: justify;\">Wir ziehen die Alternative eines Appartments vor, direkt am Meer mit eigenem Pool und eben komplett ausgestattet.<\/p>\n<p style=\"text-align: justify;\">Deshalb wollen wir hierzu auch nur eine Empfehlung aussprechen, Mr. Prince Robinson mit seinem Beachhouse <strong><a href=\"http:\/\/www.birdiesnesttobago.com\/\" target=\"_blank\">Birdie&#8217;s Nest<\/a><\/strong> in Black Rock, einen Gastgeber, bei dem wirklich alles perfekt\u00a0l\u00e4uft und wir keinerlei negatives Feedback bef\u00fcrchten m\u00fcssen. Da wir in st\u00e4ndigem freundschaftlichen Kontakt sind, k\u00f6nnen wir gerne helfen und eventuelle Sprachbarrieren \u00fcberbr\u00fccken. Einfach <strong><a href=\"mailto:hans@tobagoparadise.de;johanna@tobagoparadise.de\">Mail<\/a><\/strong> an uns.<\/p>\n<p style=\"text-align: justify;\"><a href=\"http:\/\/www.birdiesnesttobago.com\" target=\"_blank\"><img loading=\"lazy\" decoding=\"async\" class=\"aligncenter size-full wp-image-488\" src=\"http:\/\/tobagoparadise.de\/wp-content\/uploads\/2014\/08\/Bierdiesnest.jpg\" alt=\"Bierdiesnest\" width=\"751\" height=\"179\" srcset=\"http:\/\/tobagoparadise.de\/wp-content\/uploads\/2014\/08\/Bierdiesnest.jpg 751w, http:\/\/tobagoparadise.de\/wp-content\/uploads\/2014\/08\/Bierdiesnest-150x35.jpg 150w, http:\/\/tobagoparadise.de\/wp-content\/uploads\/2014\/08\/Bierdiesnest-300x71.jpg 300w, http:\/\/tobagoparadise.de\/wp-content\/uploads\/2014\/08\/Bierdiesnest-500x119.jpg 500w\" sizes=\"(max-width: 751px) 100vw, 751px\" \/><\/a><\/p>\n<table>\n<tbody>\n<tr>\n<td width=\"500\">\u00a0<img loading=\"lazy\" decoding=\"async\" class=\"aligncenter wp-image-674 size-full\" src=\"http:\/\/tobagoparadise.de\/wp-content\/uploads\/2016\/05\/20160503_0551242-1.jpg\" width=\"500\" height=\"335\" srcset=\"http:\/\/tobagoparadise.de\/wp-content\/uploads\/2016\/05\/20160503_0551242-1.jpg 500w, http:\/\/tobagoparadise.de\/wp-content\/uploads\/2016\/05\/20160503_0551242-1-150x101.jpg 150w, http:\/\/tobagoparadise.de\/wp-content\/uploads\/2016\/05\/20160503_0551242-1-300x201.jpg 300w, http:\/\/tobagoparadise.de\/wp-content\/uploads\/2016\/05\/20160503_0551242-1-448x300.jpg 448w\" sizes=\"(max-width: 500px) 100vw, 500px\" \/><\/td>\n<td width=\"500\">\u00a0<img loading=\"lazy\" decoding=\"async\" class=\"aligncenter wp-image-258\" src=\"http:\/\/tobagoparadise.de\/wp-content\/uploads\/2014\/08\/20130402_105000.jpg\" alt=\"20130402_105000\" width=\"400\" height=\"300\" srcset=\"http:\/\/tobagoparadise.de\/wp-content\/uploads\/2014\/08\/20130402_105000.jpg 500w, http:\/\/tobagoparadise.de\/wp-content\/uploads\/2014\/08\/20130402_105000-300x225.jpg 300w, http:\/\/tobagoparadise.de\/wp-content\/uploads\/2014\/08\/20130402_105000-400x300.jpg 400w\" sizes=\"(max-width: 400px) 100vw, 400px\" \/><\/td>\n<\/tr>\n<tr>\n<td width=\"500\">\u00a0<img loading=\"lazy\" decoding=\"async\" class=\"aligncenter wp-image-495\" src=\"http:\/\/tobagoparadise.de\/wp-content\/uploads\/2014\/08\/WP_000135.jpg\" alt=\"\" width=\"400\" height=\"266\" srcset=\"http:\/\/tobagoparadise.de\/wp-content\/uploads\/2014\/08\/WP_000135.jpg 500w, http:\/\/tobagoparadise.de\/wp-content\/uploads\/2014\/08\/WP_000135-150x99.jpg 150w, http:\/\/tobagoparadise.de\/wp-content\/uploads\/2014\/08\/WP_000135-300x199.jpg 300w, http:\/\/tobagoparadise.de\/wp-content\/uploads\/2014\/08\/WP_000135-450x300.jpg 450w\" sizes=\"(max-width: 400px) 100vw, 400px\" \/><\/td>\n<td width=\"500\">\u00a0<img loading=\"lazy\" decoding=\"async\" class=\"aligncenter wp-image-492\" src=\"http:\/\/tobagoparadise.de\/wp-content\/uploads\/2014\/08\/IMG_3497.jpg\" alt=\"\" width=\"400\" height=\"266\" srcset=\"http:\/\/tobagoparadise.de\/wp-content\/uploads\/2014\/08\/IMG_3497.jpg 500w, http:\/\/tobagoparadise.de\/wp-content\/uploads\/2014\/08\/IMG_3497-150x99.jpg 150w, http:\/\/tobagoparadise.de\/wp-content\/uploads\/2014\/08\/IMG_3497-300x199.jpg 300w, http:\/\/tobagoparadise.de\/wp-content\/uploads\/2014\/08\/IMG_3497-450x300.jpg 450w\" sizes=\"(max-width: 400px) 100vw, 400px\" \/><\/td>\n<\/tr>\n<\/tbody>\n<\/table>\n<p>&nbsp;<\/p>\n","protected":false},"excerpt":{"rendered":"<p>Gl\u00fccklicherweise gibt es in Tobago keine Hotelbunker wie in anderen L\u00e4ndern !!! In Tobago gibt es nat\u00fcrlich kleine Hotels, die f\u00fcr Pauschalurlauber Angebote bereithalten, meist in Verbindung mit einem Condor Direktflug von Frankfurt aus. Daneben bietet sich aber viel eher &hellip; <a href=\"http:\/\/tobagoparadise.de\/?page_id=91\">Weiterlesen <span class=\"meta-nav\">&rarr;<\/span><\/a><\/p>\n","protected":false},"author":1,"featured_media":0,"parent":0,"menu_order":0,"comment_status":"closed","ping_status":"closed","template":"showcase.php","meta":{"footnotes":""},"class_list":["post-91","page","type-page","status-publish","hentry"],"_links":{"self":[{"href":"http:\/\/tobagoparadise.de\/index.php?rest_route=\/wp\/v2\/pages\/91"}],"collection":[{"href":"http:\/\/tobagoparadise.de\/index.php?rest_route=\/wp\/v2\/pages"}],"about":[{"href":"http:\/\/tobagoparadise.de\/index.php?rest_route=\/wp\/v2\/types\/page"}],"author":[{"embeddable":true,"href":"http:\/\/tobagoparadise.de\/index.php?rest_route=\/wp\/v2\/users\/1"}],"replies":[{"embeddable":true,"href":"http:\/\/tobagoparadise.de\/index.php?rest_route=%2Fwp%2Fv2%2Fcomments&post=91"}],"version-history":[{"count":30,"href":"http:\/\/tobagoparadise.de\/index.php?rest_route=\/wp\/v2\/pages\/91\/revisions"}],"predecessor-version":[{"id":678,"href":"http:\/\/tobagoparadise.de\/index.php?rest_route=\/wp\/v2\/pages\/91\/revisions\/678"}],"wp:attachment":[{"href":"http:\/\/tobagoparadise.de\/index.php?rest_route=%2Fwp%2Fv2%2Fmedia&parent=91"}],"curies":[{"name":"wp","href":"https:\/\/api.w.org\/{rel}","templated":true}]}}