{"id":153,"date":"2014-08-26T08:59:11","date_gmt":"2014-08-26T08:59:11","guid":{"rendered":"http:\/\/tobagoparadise.de\/?page_id=153"},"modified":"2014-08-26T12:25:30","modified_gmt":"2014-08-26T12:25:30","slug":"geschichte","status":"publish","type":"page","link":"http:\/\/tobagoparadise.de\/?page_id=153","title":{"rendered":"Geschichte"},"content":{"rendered":"<h1>Geschichte<\/h1>\n<p style=\"text-align: justify;\">Tobago wurde wie die Schwesterinsel Trinidad 1498 von Christoph Kolumbus entdeckt. Er <a href=\"http:\/\/tobagoparadise.de\/wp-content\/uploads\/2014\/08\/Tobago_subdivision_1799_EDWARDSB020407.jpg\" target=\"_blank\"><img loading=\"lazy\" decoding=\"async\" class=\"alignright wp-image-156 size-medium\" src=\"http:\/\/tobagoparadise.de\/wp-content\/uploads\/2014\/08\/Tobago_subdivision_1799_EDWARDSB020407-300x234.jpg\" alt=\"Tobago_subdivision_1799_EDWARDSB020407\" width=\"300\" height=\"234\" srcset=\"http:\/\/tobagoparadise.de\/wp-content\/uploads\/2014\/08\/Tobago_subdivision_1799_EDWARDSB020407-300x234.jpg 300w, http:\/\/tobagoparadise.de\/wp-content\/uploads\/2014\/08\/Tobago_subdivision_1799_EDWARDSB020407-384x300.jpg 384w, http:\/\/tobagoparadise.de\/wp-content\/uploads\/2014\/08\/Tobago_subdivision_1799_EDWARDSB020407.jpg 1024w\" sizes=\"(max-width: 300px) 100vw, 300px\" \/><\/a>nannte die Insel Bella Forma, sp\u00e4ter wurde sie mehrfach umbenannt. Der letzte Name Tobago leitet sich wahrscheinlich von Tabak ab. Die urspr\u00fcnglichen indianischen Einwohner wurden von den spanischen Siedlern weitgehend ausgerottet, die \u00dcberlebenden wurden assimiliert. Die Insel wechselte h\u00e4ufig den Besitzer; einer war Cornelis Lampsins, der Baron von Tobago. Teils wurde sie unter gro\u00dfen Verlusten verteidigt, teils einfach herrenlos verlassen. Frankreich (Name: Tobago), die Niederlande (Name: Nieuw Walcheren), Gro\u00dfbritannien (Name: Tobago) und sogar das Herzogtum Kurland (Name: Neukurland) erhoben Anspruch auf die Insel und bauten befestigte Anlagen. Zwischenzeitlich war sie Piratenst\u00fctzpunkt. 1763 wurden die sieben parishes eingerichtet. Georgetown an der S\u00fcdk\u00fcste im Saint George Parish war die Hauptstadt von 1764 bis 1769, und seither Scarborough. 1814 kam Tobago endg\u00fcltig an Gro\u00dfbritannien. Von 1879 bis 1899 bildete Tobago ein selbst\u00e4ndiges Postgebiet und gab Briefmarken heraus. 1888 wurde sie mit Trinidad zu einer Kolonie zusammengefasst.1958 wurden beide als Teil der Westindischen F\u00f6deration unabh\u00e4ngig, 1962 als Trinidad und Tobago.<\/p>\n<p style=\"text-align: justify;\"><a href=\"http:\/\/tobagoparadise.de\/wp-content\/uploads\/2014\/08\/image015.jpg\"><img loading=\"lazy\" decoding=\"async\" class=\"alignleft size-full wp-image-183\" src=\"http:\/\/tobagoparadise.de\/wp-content\/uploads\/2014\/08\/image015.jpg\" alt=\"image015\" width=\"448\" height=\"293\" srcset=\"http:\/\/tobagoparadise.de\/wp-content\/uploads\/2014\/08\/image015.jpg 448w, http:\/\/tobagoparadise.de\/wp-content\/uploads\/2014\/08\/image015-300x196.jpg 300w\" sizes=\"(max-width: 448px) 100vw, 448px\" \/><\/a>Bekannt wurde Trinidad und Tobago auch dadurch, dass sie als bisher kleinster Staat die Qualifikation f\u00fcr die Fu\u00dfball Weltmeisterschaft 2006 in Deutschland schafften. Nach der Vorrunde sind sie zwar ausgeschieden, jedoch haben die &#8222;Soca Warrior&#8220; um ihren Kapit\u00e4n Dwight Yorke durch ihr frisches Spiel und auch durch die bunten und lauten Besucher aus der Heimat einen bleibenden Eindruck hinterlassen.<\/p>\n","protected":false},"excerpt":{"rendered":"<p>Geschichte Tobago wurde wie die Schwesterinsel Trinidad 1498 von Christoph Kolumbus entdeckt. Er nannte die Insel Bella Forma, sp\u00e4ter wurde sie mehrfach umbenannt. Der letzte Name Tobago leitet sich wahrscheinlich von Tabak ab. Die urspr\u00fcnglichen indianischen Einwohner wurden von den &hellip; <a href=\"http:\/\/tobagoparadise.de\/?page_id=153\">Weiterlesen <span class=\"meta-nav\">&rarr;<\/span><\/a><\/p>\n","protected":false},"author":1,"featured_media":0,"parent":88,"menu_order":0,"comment_status":"open","ping_status":"open","template":"showcase.php","meta":{"footnotes":""},"class_list":["post-153","page","type-page","status-publish","hentry"],"_links":{"self":[{"href":"http:\/\/tobagoparadise.de\/index.php?rest_route=\/wp\/v2\/pages\/153"}],"collection":[{"href":"http:\/\/tobagoparadise.de\/index.php?rest_route=\/wp\/v2\/pages"}],"about":[{"href":"http:\/\/tobagoparadise.de\/index.php?rest_route=\/wp\/v2\/types\/page"}],"author":[{"embeddable":true,"href":"http:\/\/tobagoparadise.de\/index.php?rest_route=\/wp\/v2\/users\/1"}],"replies":[{"embeddable":true,"href":"http:\/\/tobagoparadise.de\/index.php?rest_route=%2Fwp%2Fv2%2Fcomments&post=153"}],"version-history":[{"count":7,"href":"http:\/\/tobagoparadise.de\/index.php?rest_route=\/wp\/v2\/pages\/153\/revisions"}],"predecessor-version":[{"id":185,"href":"http:\/\/tobagoparadise.de\/index.php?rest_route=\/wp\/v2\/pages\/153\/revisions\/185"}],"up":[{"embeddable":true,"href":"http:\/\/tobagoparadise.de\/index.php?rest_route=\/wp\/v2\/pages\/88"}],"wp:attachment":[{"href":"http:\/\/tobagoparadise.de\/index.php?rest_route=%2Fwp%2Fv2%2Fmedia&parent=153"}],"curies":[{"name":"wp","href":"https:\/\/api.w.org\/{rel}","templated":true}]}}